37 + 133. Let h be (2/(-4))/(5/w). Let b(s) = -s**3 + 10*s**2 - 6*s - 7. Let p be b(h). What is the highest common divisor of 80 and p?
20
Let m = 40 - 36. Suppose -4*b + z + 105 = 2*z, -m*z = -3*b + 93. Let r(q) = 3*q. Let f be r(3). Calculate the greatest common divisor of b and f.
9
Let w(q) = 2*q - 9. Let t be ((-18)/21)/(3/(-21)). Let r be w(t). Let u(i) = 3*i**2 + 5*i + 5. Let p be u(-4). What is the greatest common factor of p and r?
3
Suppose 6*l = 3*l. Suppose -479 = -4*x + 145. Suppose 4*v + 44 - x = l. Calculate the greatest common divisor of v and 7.
7
Suppose -2*n - 12 = -5*l, 4*n = -0*l - 2*l. Let a(t) = -2 + 17*t**l - 17*t**2 + 2*t + t**3. Let z be a(2). Calculate the highest common factor of 40 and z.
10
Suppose 4*w = 13 + 51. Let s be 4/w - 59/(-4). Suppose -3*y - 12 = -s. Calculate the highest common divisor of 3 and y.
1
Let s = 3 + -6. Let q be 21 - (s + (-6)/(-3)). Suppose 10 = 3*i - 2*b, -3 - 5 = -5*i - b. What is the highest common divisor of q and i?
2
Suppose x - 6 = -2. Suppose r = -x*r + 495. What is the greatest common factor of r and 9?
9
Let k be 45672/96 - 9/12. What is the greatest common factor of k and 19?
19
Let p(h) = h**2 - 7*h + 10. Let m be p(7). Suppose -4*a + 70 = g + g, -a + m = -2*g. Calculate the highest common factor of a and 112.
16
Suppose -6*z = -5*z - 10. Let f = 13 - -27. Suppose -5*v = -v - f. Calculate the highest common divisor of z and v.
10
Let k(r) = r**3 - r**2. Let w be k(2). Suppose w*l - 8 = -4*m + 40, 3*m - 4 = -l. What is the highest common divisor of 8 and l?
8
Let a be (-75)/(-4*6/24). What is the greatest common divisor of a and 15?
15
Suppose -2*n + i + 3*i + 24 = 0, 0 = -5*n - 2*i + 108. Let z be (-24)/(-5)*n/3. Let d be 35/10 - 1/(-2). Calculate the greatest common factor of d and z.
4
Let o = 855 + -603. Calculate the highest common factor of 36 and o.
36
Suppose 18 = x + 4. Let z(i) = -i**3 + 15*i**2 - 13*i + 30. Let p be z(x). Calculate the highest common divisor of 22 and p.
22
Let u = 148 - 107. What is the greatest common factor of u and 1107?
41
Let v(k) = 16*k + 45. Let t be v(0). Calculate the greatest common factor of 36 and t.
9
Suppose -12*d = -10*d - 5*f - 47, -127 = -5*d + 3*f. Calculate the greatest common divisor of 598 and d.
26
Let j be ((-10)/(-3))/(33/9 - 3). Suppose 13*c = 44 - j. Suppose -12 - 48 = -4*l. What is the highest common divisor of c and l?
3
Let b = 1964 - 1962. Calculate the highest common divisor of b and 74.
2
Let i(j) = 6*j**2 + 181*j - 106. Let n be i(-31). Suppose -2*m - 14 = -4*m. What is the highest common divisor of n and m?
7
Let g(o) = -17*o - 15. Let c(s) = 8*s + 8. Let u(h) = -5*c(h) - 2*g(h). Let f be u(-9). What is the highest common divisor of 110 and f?
22
Let d = -1 - -1. Let b be -6*(-9)/((-108)/(-10)). Suppose d = 3*u + m - 15, -2*u + 4 + 6 = b*m. What is the highest common divisor of 10 and u?
5
Let i(c) = 102*c + 188. Let r be i(22). Calculate the greatest common divisor of 19 and r.
19
Suppose -2*i + 0 = -22. Let u(h) = -h**2 + 15*h - 22. Let f be u(11). Suppose -7*w + f = -5*w. Calculate the greatest common factor of i and w.
11
Let i = 307 + -234. What is the greatest common factor of i and 1?
1
Suppose -75*s + 648 = -66*s. Calculate the highest common factor of 396 and s.
36
Let b = -14 + 35. Suppose 5*t + 16*p = 14*p + 418, -2*t = 2*p - 166. Calculate the greatest common divisor of b and t.
21
Let h = 4390 + -4236. Let k be (-1 + 0 - 0) + 15. What is the highest common factor of k and h?
14
Let y = -22 + 20. Let o be -76*y*5/20. What is the highest common divisor of 190 and o?
38
Let o be 63/14*4/9. Let i = o - -160. Calculate the greatest common divisor of 18 and i.
18
Let o be 16/(-10)*3*-50. Suppose -3*p - 30*j + 92 = -28*j, 0 = p + j - 31. Calculate the highest common factor of p and o.
30
Let u(j) = 7*j**2 + j - 11. Let t be u(-8). Suppose 6 = 3*l - 111. What is the highest common factor of t and l?
39
Suppose 2*y = 4*w + y - 51, 2*w - 4*y - 36 = 0. Let x = 6 - -7. Let p(i) = 3*i - 3. Let u be p(x). Calculate the highest common factor of u and w.
12
Suppose y + 4*m - 28 = 0, -16*y + 15*y - 3*m + 26 = 0. Calculate the greatest common divisor of y and 2540.
20
Let s(o) = -o**3 + 10*o**2 - 13*o + 7. Let w be s(6). What is the highest common divisor of w and 657?
73
Suppose -d + 2*d = 2. Suppose 0 = 2*o + d*p - 242, -4*p - p = -2*o + 214. Let z be (-78)/(-12)*(-1 - -3). Calculate the highest common factor of z and o.
13
Let s(h) = 63*h + 243. Let m be s(17). Calculate the greatest common divisor of 146 and m.
146
Let u be ((-8)/3)/((-9)/((-6318)/(-12))). Suppose -42 = -157*p + u*p. What is the highest common divisor of p and 6?
6
Let s(g) = 28*g**2 - 18*g. Let h be s(1). What is the greatest common divisor of h and 2?
2
Suppose 2*w - 3*w = -7. Let p(c) = 3*c - 6. Let r be p(3). Let i = r + w. Calculate the highest common factor of i and 90.
10
Let q be 6/(-1)*(-30)/(-45). Let c be (38/(-4))/(q/16). Calculate the greatest common divisor of 342 and c.
38
Suppose -i = -2*c + 192, -6*c + 3*c = 2*i - 281. Suppose -6*h + 2*h + 5*o = -c, -5*h + 2*o + 106 = 0. Calculate the greatest common divisor of h and 50.
10
Let q(g) = 12*g**2 - 3*g. Let r be q(4). Let k(w) = w**3 + 15*w**2 + 47*w + 5. Let v be k(-5). What is the highest common divisor of r and v?
20
Let r = 101 + 282. Suppose -967 = -10*g + r. Calculate the highest common divisor of g and 15.
15
Let u = 470 - 382. What is the highest common divisor of u and 11?
11
Let j = -338 - -344. What is the highest common factor of 42 and j?
6
Let n(w) = 4*w**2 + 80*w + 40. Let i be n(-20). What is the highest common divisor of i and 32?
8
Suppose -5*m - 3*d = -1163, -m - 5*d + 105 = -110. What is the highest common factor of m and 94?
47
Suppose -3*d = 2*a, 3*d + 2*d - 19 = 3*a. Let j(s) be the second derivative of 5*s**3/6 - s. Let x be j(d). Calculate the greatest common factor of x and 50.
10
Let j be ((-4)/(-12))/((-3)/(-27)). Let r be (14/j)/(6/(-9)). Let t = 20 + r. What is the greatest common divisor of 65 and t?
13
Suppose -65 = -3*s + 7. Let d = 654 + -558. What is the highest common divisor of d and s?
24
Let r(m) = 7*m**2 - 1. Let n be r(1). Let t(j) = j**2 - 11*j - 5. Let f be t(5). Let h = 59 + f. Calculate the highest common divisor of h and n.
6
Suppose 2*f = 3*f - 4*a + 98, 3*f - 2*a + 304 = 0. Let k = 245 + f. Let v = -6 + 19. Calculate the highest common factor of k and v.
13
Let u(b) = -b - 2. Let g be u(-7). Let k be (g/10)/(1/4). Suppose -88 = 2*v - 6*v. What is the highest common factor of v and k?
2
Let j be (-11072)/(-72) - 10/(-45). Calculate the greatest common factor of 110 and j.
22
Suppose -16*q - 3*g = -12*q - 393, 4*q = 5*g + 369. Let f be 6/(1*(-1)/(-2)). What is the greatest common divisor of f and q?
12
Suppose -190 = -9*c + 4*c. Suppose 2*l + 0*l = c. Suppose 0*y = -3*t - 5*y + l, -5*t + 4*y = -7. Calculate the greatest common divisor of t and 6.
3
Let x = 40 - 19. Let w(m) = 15*m**2 - 355 - 19*m - m**3 + 11*m**2 + 352. Let p be w(25). What is the highest common factor of x and p?
21
Let r = -124 + 132. Let d be -4 + 2 - 0 - -6. Calculate the highest common divisor of d and r.
4
Let d = -268 - -279. What is the greatest common divisor of d and 22?
11
Suppose f - 40 = -2*y, -3*y - 9 - 96 = -4*f. Calculate the greatest common divisor of f and 40.
10
Let m = -49 - -45. Let z(f) = 2*f**2 + 3*f - 6. Let d be z(m). Calculate the highest common factor of 28 and d.
14
Let m be (-11)/(((-13)/(-52))/(3 + -5)). Calculate the highest common divisor of m and 16.
8
Let k = 27 - 3. Suppose -3*v - 15 = -4*x, -x + 0 = -5*v + 9. What is the greatest common factor of v and k?
3
Let z = 35 - -190. Let p(i) = 3*i + 7. Let b be p(6). Calculate the highest common factor of b and z.
25
Suppose -800 = 93*z - 103*z. What is the highest common factor of z and 112?
16
Let h(t) = 3 - 1 + 2*t - 2. Let d be h(1). Let s be ((-70)/20)/(d/(-176)). Calculate the greatest common factor of s and 28.
28
Suppose -5*v - 4*p + 14 = 0, 0 = -5*v + 4*p - 0 + 6. Let i be 46/v + 5 + -2. What is the greatest common divisor of 13 and i?
13
Let n(b) = 9*b**2 - b - 3. Let t be n(2). Let u = t - 10. What is the highest common divisor of 21 and u?
21
Let u be (-8)/6*(-3)/2. Let v be ((-6)/u